{"id":136,"date":"2019-08-01T19:31:38","date_gmt":"2019-08-01T17:31:38","guid":{"rendered":"http:\/\/metaldetoks.pl\/?page_id=136"},"modified":"2025-11-14T18:44:20","modified_gmt":"2025-11-14T17:44:20","slug":"rodo","status":"publish","type":"page","link":"https:\/\/metaldetoks.pl\/?page_id=136","title":{"rendered":"RODO"},"content":{"rendered":"\n<p><strong>Klauzula informacyjna o\nprzetwarzaniu danych osobowych<\/strong><\/p>\n\n\n\n<ol><li>Administratorem danych osobowych jest Piotr Witczak z siedzib\u0105 w \u0141odzi, ul. Bia\u0142ostocka 8 m.24, 93-355, numer NIP 7292669103.<\/li><li>Piotr Witczak przetwarza Twoje dane osobowe w zwi\u0105zku z wyra\u017ceniem przez Ciebie stosownej zgody na przetwarzanie danych osobowych (dokonanej poprzez przyst\u0105pienie do konsultacji &#8211; zgodnie z <a href=\"http:\/\/metaldetoks.pl\/?page_id=116\">regulaminem konsultacji<\/a>). <br>Ponadto, Piotr Witczak przetwarza twoje dane osobowe na podstawie usprawiedliwionych interes\u00f3w &#8211; art. 6 ust. 1 lit. f RODO. Dotyczy to w szczeg\u00f3lno\u015bci przetwarzania danych osobowych w celach przygotowania i przes\u0142ania zam\u00f3wionych us\u0142ug, konsultacji dietetycznych, informowania o um\u00f3wionej wizycie lub jej odwo\u0142aniu.<br>Natomiast w zakresie danych osobowych o stanie zdrowia (tzw. szczeg\u00f3lna kategoria danych osobowych) Piotr Witczak przetwarza te dane osobowe na podstawie wyra\u017anej zgody celem indywidualnego przygotowania zalece\u0144 dietetycznych i suplementacji oraz udzielenia dok\u0142adnej i indywidualnej konsultacji.<\/li><li>Celem przetwarzania danych osobowych jest:<br>a. \u015bwiadczenie dla Ciebie us\u0142ug opisanych na stronie <a href=\"http:\/\/metaldetoks.pl\/?page_id=14\">Oferta<\/a>,<br>b. umo\u017cliwienie zarezerwowania i zmienienia terminu wizyty<br>c. zadawanie pyta\u0144 drog\u0105 elektroniczn\u0105 oraz telefoniczn\u0105<\/li><li>Podanie danych osobowych jest warunkiem \u015bwiadczenia us\u0142ug dietetycznych tym uk\u0142adania diety i suplementacji oraz konsultacji dietetycznych oraz wysy\u0142ania ich drog\u0105 elektroniczn\u0105. Brak podania danych osobowych uniemo\u017cliwi Piotrowi Witczakowi \u015bwiadczenie us\u0142ug. <\/li><li> Zgoda u\u017cytkownika na przetwarzanie danych osobowych w zakresie danych o stanie zdrowia jest niezb\u0119dna do konsultacji dietetycznych uwzgl\u0119dniaj\u0105cych wyniki bada\u0144, choroby i dolegliwo\u015bci. Brak zgody uniemo\u017cliwi zrealizowanie tych us\u0142ug.<\/li><li>Piotr Witczak mo\u017ce przekaza\u0107 twoje dane osobowe (tj. Imi\u0119 i nazwisko, nr telefonu, adres mailowy):<br>a. firmie ksi\u0119gowej, <br>b. kancelarii prawnej, <br>c. firmie \u015bwiadcz\u0105cej us\u0142ugi informatyczne, w tym obs\u0142uguj\u0105ce serwery, z kt\u00f3rych korzysta Piotr Witczak<\/li><li>Mo\u017cesz wycofa\u0107 zgod\u0119 na przetwarzanie danych osobowych o stanie zdrowia. Wycofa\u0107 zgod\u0119 mo\u017cna w ka\u017cdym momencie. Zgod\u0119 na przetwarzanie danych osobowych o stanie zdrowia mo\u017cna wycofa\u0107 drog\u0105 elektroniczn\u0105 lub osobist\u0105 po kontakcie z Piotrem Witczakiem. Piotr Witczak informuje, \u017ce wycofanie zgody nie ma wp\u0142ywu na zgodno\u015b\u0107 z prawem przetwarzania, kt\u00f3rego Piotr Witczak dokona\u0142 na podstawie zgody przed jej wycofaniem.<\/li><li>Piotr Witczak b\u0119dzie przechowywa\u0142 twoje dane osobowe przez okres 10 lat. Po zako\u0144czeniu tego okresu twoje dane osobowe zostan\u0105 usuni\u0119te.<\/li><li>Masz prawo do sprzeciwu &#8211; art. 21 RODO. W dowolnym momencie mo\u017cesz wnie\u015b\u0107 sprzeciw wobec wykorzystania danych osobowych, je\u017celi Piotr Witczak przetwarza dane osobowe na podstawie uzasadnionych interes\u00f3w (art. 6 ust. 1 lit. f RODO) lub w przypadku profilowania lub marketingu bezpo\u015bredniego. Je\u017celi wniesienie sprzeciwu b\u0119dzie odpowiada\u0142o prawu, w takim przypadku Piotr Witczak nie b\u0119dzie przetwarza\u0142 ju\u017c danych osobowych w tym celu. <\/li><li>Masz prawo dost\u0119pu do danych &#8211; art. 15 RODO. Masz prawo do uzyskania potwierdzenia, czy Piotr Witczak przetwarza twoje dane osobowe. \u017beby przekaza\u0107 potwierdzenie w\u0142a\u015bciwej osobie i nie naruszy\u0107 tym samym praw innych os\u00f3b, Piotr Witczak mo\u017ce prosi\u0107 o przekazanie dodatkowych informacji w celu potwierdzenia to\u017csamo\u015bci. Wykonuj\u0105c to prawo mo\u017cesz: <br>a. uzyska\u0107 dost\u0119p do swoich danych osobowych; <br>b. uzyska\u0107 informacje o celach przetwarzania, kategoriach przetwarzanych danych osobowych, o odbiorcach lub kategoriach odbiorc\u00f3w tych danych, planowanym okresie przechowywania danych lub o kryteriach ustalania tego okresu, o prawach przys\u0142uguj\u0105cych na mocy RODO oraz o prawie wniesienia skargi do organu nadzorczego, o \u017ar\u00f3dle tych danych, o zautomatyzowanym podejmowaniu decyzji, w tym o profilowaniu oraz o zabezpieczeniach stosowanych w zwi\u0105zku z przekazaniem tych danych poza  Europejski Obszar Gospodarcz<em>y<\/em> (EOG). Ponadto, ka\u017cdy u\u017cytkownik mo\u017ce uzyska\u0107 kopi\u0119 danych osobowych jakie s\u0105 przetwarzane przez Piotra Witczaka.<\/li><li>Masz prawo do poprawiania danych osobowych &#8211; art. 16 RODO.  Masz prawo w dowolnym momencie poprawi\u0107 swoje dane osobowe, je\u017celi dane osobowe przetwarzane przez Piotra Witczaka s\u0105 nieprawid\u0142owe. Masz r\u00f3wnie\u017c prawo do uzupe\u0142nienia niekompletnych danych osobowych, w tym poprzez przedstawienie dodatkowego o\u015bwiadczenia dotycz\u0105cych tych danych. <\/li><li> Masz prawo do bycia zapomnianym &#8211; art. 17 RODO. Masz prawo do \u017c\u0105dania usuni\u0119cia cz\u0119\u015bci lub ca\u0142o\u015bci swoich danych osobowych. Taka sytuacja mo\u017ce mie\u0107 miejsce w przypadku: <br>a. cofni\u0119cia zgody na przetwarzania danych osobowych; <br>b. dane osobowe sta\u0142y si\u0119 zb\u0119dne dla cel\u00f3w w jakich Piotr Witczak przetwarza\u0142 te dane osobowe, <br>c. wniesiony zosta\u0142 sprzeciw zgodny z art. 21 RODO, a Piotr Witczak nie dysponuje inn\u0105 podstaw\u0105 prawn\u0105 do przetwarzania danych osobowych, <br>d. dane osobowe by\u0142y przetwarzane niezgodnie z prawem, <br>e. dane osobowe musz\u0105 zosta\u0107 usuni\u0119te w celu wywi\u0105zania si\u0119 z obowi\u0105zku prawnego przewidzianego w prawie Unii Europejskiej lub prawie polskim.<br>Pomimo wykonania prawa do bycia zapomnianym Piotr Witczak mo\u017ce w dalszym ci\u0105gu przetwarza\u0107 wszystkie lub cz\u0119\u015b\u0107 danych osobowych z uwagi m.in. na obron\u0119 lub dochodzenie ewentualnych roszcze\u0144.<\/li><li>Masz prawo do ograniczenia przetwarzania dotycz\u0105cych Ciebie danych osobowych  &#8211; art. 18 RODO. Prawo to oznacza, \u017ce masz prawo za\u017c\u0105da\u0107, aby twoje dane osobowe nie by\u0142y przetwarzane do czasu rozpatrzenia \u017c\u0105dania. Prawo to mo\u017cna wykona\u0107 w nast\u0119puj\u0105cych sytuacjach:<br>a. gdy u\u017cytkownik kwestionuje prawid\u0142owo\u015b\u0107 swoich danych osobowych, <br>b. gdy przetwarzanie danych jest niezgodne z prawem, a zamiast usuni\u0119cia danych u\u017cytkownik za\u017c\u0105da\u0142 ograniczenia ich wykorzystania,<br>c. gdy dane osobowe u\u017cytkownika przesta\u0142y by\u0107 niezb\u0119dne do cel\u00f3w, w kt\u00f3rych zosta\u0142y zebrane lub wykorzystywane, ale s\u0105 one potrzebne w celu ustalenia, dochodzenia lub obrony roszcze\u0144, <br>d. gdy u\u017cytkownik wni\u00f3s\u0142 sprzeciw wobec wykorzystania danych osobowych \u2013 w\u00f3wczas ograniczenie nast\u0119puje na czas potrzebny do rozwa\u017cenia, czy ochrona interes\u00f3w, praw i wolno\u015bci u\u017cytkownika przewa\u017ca nad interesami, kt\u00f3re realizuje Piotr Witczak, przetwarzaj\u0105c dane osobowe u\u017cytkownika.<\/li><li>Masz prawo do przenoszenia dotycz\u0105cych Ciebie danych osobowych  &#8211; art. 20 RODO.  Prawo do przenoszenia danych oznacza, \u017ce masz prawo otrzyma\u0107 w ustrukturyzowanym formacie dane osobowe, kt\u00f3re dostarczy\u0142 Piotr Witczak. Dane te mo\u017cna przes\u0142a\u0107 dowolnemu podmiotowi. Mo\u017cna r\u00f3wnie\u017c wnioskowa\u0107, \u017ceby Piotr Witczak przes\u0142a\u0142 te dane osobowe innemu, wskazanemu przez Ciebie administratorowi, o ile b\u0119dzie to technicznie mo\u017cliwe.<\/li><li>Masz prawo do wniesienia skargi do organu nadzorczego, kt\u00f3rym jest Urz\u0105d Ochrony Danych Osobowych, ul. Stawki 2, 00-193 Warszawa, fax. 22 531 03 01. <\/li><li>Piotr Witczak dok\u0142ada stara\u0144, aby przetwarzane dane osobowe by\u0142y bezpieczne. W tym celu stosowane s\u0105 rozwi\u0105zania techniczne i organizacyjne, kt\u00f3re maj\u0105 za zadanie zabezpieczenie danych osobowych. Tymi \u015brodkami s\u0105 w szczeg\u00f3lno\u015bci:<br>a. u\u017cywanie hase\u0142 i innych zabezpiecze\u0144 dost\u0119pu,<br>b. kontrolowanie dost\u0119pu do danych <br>c.  bezpiecze\u0144stwo szyfrowania danych przesy\u0142anych pomi\u0119dzy u\u017cytkownikiem a serwerem (certyfikat SSL)<\/li><\/ol>\n\n\n\n<pre class=\"wp-block-code\"><code>17. PLIKI COOKIES\n\n17.1. Strona internetowa https:\/\/metaldetoks.pl wykorzystuje pliki cookies (tzw. ciasteczka) \u2013 ma\u0142e pliki tekstowe zapisywane na urz\u0105dzeniu u\u017cytkownika w celu zapewnienia prawid\u0142owego dzia\u0142ania strony, analizy ruchu oraz wy\u015bwietlania spersonalizowanych reklam.\n\n17.2. Rodzaje wykorzystywanych cookies:\n   a) **Niezb\u0119dne (techniczne)** \u2013 umo\u017cliwiaj\u0105 korzystanie z podstawowych funkcji strony, takich jak logowanie, dzia\u0142anie formularzy kontaktowych i rezerwacji wizyt:\n      - `wordpress_test_cookie`\n      - `wp-settings-*`\n      - `wp-settings-time-*`\n      - `cookie_notice_accepted` (lub podobna, je\u015bli u\u017cywana jest wtyczka do cookies)\n   b) **Analityczne** \u2013 zbieraj\u0105 anonimowe dane o sposobie korzystania ze strony (np. liczba odwiedzin, \u017ar\u00f3d\u0142a ruchu):\n      - `_ga`, `_gid`, `_gat`, `_ga_*` \u2013 Google Analytics\n   c) **Marketingowe \/ remarketingowe** \u2013 s\u0142u\u017c\u0105 do wy\u015bwietlania spersonalizowanych reklam w sieciach Google i Facebook:\n      - `_fbp`, `fr`, `_gcl_au` \u2013 Facebook Pixel \/ Meta Pixel\n\n17.3. Podstawa prawna:\n   - Cookies niezb\u0119dne: art. 6 ust. 1 lit. f RODO (prawnie uzasadniony interes administratora \u2013 zapewnienie dzia\u0142ania strony).\n   - Cookies analityczne i marketingowe: art. 6 ust. 1 lit. a RODO (zgoda u\u017cytkownika).\n\n17.4. Zarz\u0105dzanie zgodami:\n   U\u017cytkownik wyra\u017ca zgod\u0119 na cookies poprzez baner cookies widoczny przy pierwszej wizycie. Mo\u017ce:\n   - zaakceptowa\u0107 wszystkie,\n   - odrzuci\u0107 wszystkie (opr\u00f3cz niezb\u0119dnych),\n   - dostosowa\u0107 ustawienia w sekcji \u201eUstawienia prywatno\u015bci\u201d.\n\n   Zgoda mo\u017ce by\u0107 wycofana w dowolnym momencie \u2013 wystarczy ponownie otworzy\u0107 baner (ikona w lewym dolnym rogu strony) i zmieni\u0107 preferencje.\n\n17.5. Brak zgody:\n   Odrzucenie cookies analitycznych i marketingowych nie wp\u0142ywa na mo\u017cliwo\u015b\u0107 korzystania ze strony, ale ogranicza funkcje statystyczne i reklamowe.\n\n17.6. Przekazywanie danych:\n   Dane z cookies analitycznych i marketingowych s\u0105 przekazywane do:\n   - Google LLC (USA) \u2013 na podstawie standardowych klauzul umownych UE,\n   - Meta Platforms Ireland Ltd. (Irlandia) \u2013 w ramach us\u0142ug Facebook Pixel.\n\n17.7. Wi\u0119cej informacji:\n   - Google: https:\/\/policies.google.com\/privacy\n   - Meta\/Facebook: https:\/\/www.facebook.com\/privacy\/explanation\n   - Ustawienia przegl\u0105darki: cookies mo\u017cna wy\u0142\u0105czy\u0107 w ustawieniach (instrukcje: https:\/\/www.aboutcookies.org)\n\n17.8. Baner cookies i blokada:\n   Strona korzysta z mechanizmu **Consent Mode v2** (Google) oraz blokuje skrypty Google Analytics i Facebook Pixel do momentu wyra\u017cenia zgody.<\/code><\/pre>\n\n\n\n<div class=\"wp-block-columns\">\n<div class=\"wp-block-column\" style=\"flex-basis:100%\">\n<p>18. Kontakt w sprawie danych jest mo\u017cliwy:<br>a. email: konsultacje@metaldetoks.pl<br>b. korespondencyjnie na adres: Piotr Witczak, ul. Dzwonk\u00f3w 1A\/2, 05-500 Nowa Wola<br>c. osobi\u015bcie w miejscach przyjmowania przez Piotra Witczaka<\/p>\n<\/div>\n<\/div>\n\n\n\n<p><em>*Ostatnia aktualizacja polityki prywatno\u015bci: 14 listopada 2025 r. <\/em><\/p>\n","protected":false},"excerpt":{"rendered":"<p>Klauzula informacyjna o przetwarzaniu danych osobowych Administratorem danych osobowych jest Piotr Witczak z siedzib\u0105 w \u0141odzi, ul. Bia\u0142ostocka 8 m.24, 93-355, numer NIP 7292669103. Piotr Witczak przetwarza Twoje dane osobowe w zwi\u0105zku z wyra\u017ceniem przez Ciebie stosownej zgody na przetwarzanie danych osobowych (dokonanej poprzez przyst\u0105pienie do konsultacji &#8211; zgodnie z regulaminem konsultacji). Ponadto, Piotr Witczak [&hellip;]<\/p>\n","protected":false},"author":1,"featured_media":0,"parent":0,"menu_order":0,"comment_status":"closed","ping_status":"closed","template":"","meta":[],"_links":{"self":[{"href":"https:\/\/metaldetoks.pl\/index.php?rest_route=\/wp\/v2\/pages\/136"}],"collection":[{"href":"https:\/\/metaldetoks.pl\/index.php?rest_route=\/wp\/v2\/pages"}],"about":[{"href":"https:\/\/metaldetoks.pl\/index.php?rest_route=\/wp\/v2\/types\/page"}],"author":[{"embeddable":true,"href":"https:\/\/metaldetoks.pl\/index.php?rest_route=\/wp\/v2\/users\/1"}],"replies":[{"embeddable":true,"href":"https:\/\/metaldetoks.pl\/index.php?rest_route=%2Fwp%2Fv2%2Fcomments&post=136"}],"version-history":[{"count":8,"href":"https:\/\/metaldetoks.pl\/index.php?rest_route=\/wp\/v2\/pages\/136\/revisions"}],"predecessor-version":[{"id":584,"href":"https:\/\/metaldetoks.pl\/index.php?rest_route=\/wp\/v2\/pages\/136\/revisions\/584"}],"wp:attachment":[{"href":"https:\/\/metaldetoks.pl\/index.php?rest_route=%2Fwp%2Fv2%2Fmedia&parent=136"}],"curies":[{"name":"wp","href":"https:\/\/api.w.org\/{rel}","templated":true}]}}