{"id":144,"date":"2019-08-01T19:26:14","date_gmt":"2019-08-01T17:26:14","guid":{"rendered":"http:\/\/metaldetoks.pl\/?page_id=144"},"modified":"2019-08-26T12:09:16","modified_gmt":"2019-08-26T10:09:16","slug":"nota-prawna","status":"publish","type":"page","link":"https:\/\/metaldetoks.pl\/?page_id=144","title":{"rendered":"Nota prawna"},"content":{"rendered":"\n<p style=\"text-align:center\">Przed rozpocz\u0119ciem&nbsp;korzystania ze strony internetowej www.metaldetoks.pl  (dalej \u201eStrona\u201d)  nale\u017cy szczeg\u00f3\u0142owo zapozna\u0107 si\u0119 z&nbsp;niniejsz\u0105 not\u0105 prawn\u0105. U\u017cytkowanie Strony oznacza&nbsp;wyra\u017cenie zgody na poni\u017csze warunki i brak mo\u017cliwo\u015bci wnoszenia zastrze\u017ce\u0144 do ich tre\u015bci. Osoba u\u017cytkuj\u0105ca Stron\u0119 (dalej &#8222;U\u017cytkownik&#8221;), kt\u00f3ra nie akceptuje poni\u017cszych warunk\u00f3w, nie jest uprawniona do u\u017cytkowania Strony.<\/p>\n\n\n\n<p style=\"text-align:center\">WARUNKI U\u017bYTKOWANIA STRONY<\/p>\n\n\n\n<p style=\"text-align:left\"><strong>I.<\/strong>  Wszelkie pojawiaj\u0105ce si\u0119 na blogu informacje odno\u015bnie technologii medycznych (lek\u00f3w, suplement\u00f3w, wyrob\u00f3w medycznych, interwencji) maj\u0105 wy\u0142\u0105cznie charakter pogl\u0105dowy i\u00a0pod \u017cadnym pozorem nie mo\u017cna ich wykorzysta\u0107 do wskazania, jak\u0105 technologi\u0119 U\u017cytkownik mo\u017ce czy powinien zastosowa\u0107. Ka\u017cda pr\u00f3ba wykorzystania tych informacji w celach medycznych powinna by\u0107 uprzednio skonsultowana z lekarzem w\u0142a\u015bciwej specjalizacji.<br><strong>II.<\/strong> W\u0142a\u015bcicielem Strony, kt\u00f3ra podlega ochronie przepisami prawa autorskiego, jest Piotr Witczak (dalej &#8222;W\u0142a\u015bciciel&#8221;). U\u017cytkownik mo\u017ce przegl\u0105da\u0107 Stron\u0119 oraz wykorzystywa\u0107 jej tre\u015b\u0107 tylko do u\u017cytku osobistego. W\u0142a\u015bciciel zabrania wykorzystywania tre\u015bci Strony w\u00a0celach komercyjnych. Wykorzystywanie tre\u015bci strony w celach komercyjnych wymaga ka\u017cdorazowo pisemnej zgody W\u0142a\u015bciciela.<br><strong>III.<\/strong> Wszelkie umieszczone na Stronie w\u0142asno\u015bci intelektualne (m.in. zdj\u0119cia, obrazy, rysunki, nazwy handlowe) s\u0105 obj\u0119te ochron\u0105 i wykorzystane wy\u0142\u0105cznie w\u00a0celach pogl\u0105dowych.<br><strong>IV. <\/strong> Tre\u015bci zawarte na stronie maj\u0105 charakter wy\u0142\u0105cznie pogl\u0105dowy. W\u0142a\u015bciciel nie odpowiada za wszelkie szkody i straty wynikaj\u0105ce z\u00a0u\u017cytkowania Strony, w tym tak\u017ce za post\u0119powanie i rezultaty post\u0119powania b\u0119d\u0105ce nast\u0119pstwem wykorzystania\u00a0informacji na niej zawartych.<br><strong>V.<\/strong> Chocia\u017c w\u0142a\u015bciciel opracowa\u0142 niniejsz\u0105 Stron\u0119 w dobrej wierze oraz przy zachowaniu szczeg\u00f3lnej staranno\u015bci i rzetelno\u015bci, to nie ponosi odpowiedzialno\u015bci za:<br>a.  wynikaj\u0105ce z u\u017cytkowania Strony wszelkie bezpo\u015brednie i po\u015brednie straty, szkody i inne zdarzenia o negatywnych skutkach dla U\u017cytkownika i os\u00f3b trzecich,<br>b. decyzje podejmowane przez U\u017cytkownik\u00f3w wynikaj\u0105ce z wykorzystania tre\u015bci Strony,<br>c. brak aktualno\u015bci, kompletno\u015bci czy dok\u0142adno\u015bci tre\u015bci umieszczanych na Stronie, <br>d. opinie wyra\u017cane przez U\u017cytkownik\u00f3w Strony,<br>e. zawarto\u015b\u0107 innych stron, do kt\u00f3rych hiper\u0142\u0105cza znajduj\u0105 si\u0119 na Stronie.<br><strong>VI.<\/strong> Tre\u015bci zawarte na Stronie nie stanowi\u0105 porady lekarskiej, kt\u00f3ra jest domen\u0105 wy\u0142\u0105cznie lekarza o w\u0142a\u015bciwej specjalizacji. Tym samym, W\u0142a\u015bciciel nie odpowiada za potencjalne szkody wynikaj\u0105ce z\u00a0zastosowania tre\u015bci Strony jako porady lekarskiej. Przed zastosowaniem jakiejkolwiek technologii medycznej ka\u017cdy U\u017cytkownik powinien skonsultowa\u0107 si\u0119 ze swoim\u00a0lekarzem prowadz\u0105cym.<br><strong>VII.<\/strong> Nota prawna w zakresie konsultacji udzielanych przez Piotra Witczaka zawarta jest w regulaminie \u015bwiadczenia us\u0142ug drog\u0105 elektroniczn\u0105 (<a href=\"http:\/\/metaldetoks.pl\/?page_id=116\">Regulamin<\/a>).<br><strong>VIII.<\/strong> W\u0142a\u015bciciel zastrzega sobie prawo do ca\u0142kowitego lub cz\u0119\u015bciowego zaprzestania udost\u0119pniania Strony bez obowi\u0105zku informowania o takim dzia\u0142aniu. W\u0142a\u015bciciel ma r\u00f3wnie\u017c prawo do dowolnej zmiany tre\u015bci niniejszej noty prawnej bez \u017cadnych warunk\u00f3w czasowych i przyczynowych, a tak\u017ce bez konieczno\u015bci informowania o tym innych os\u00f3b.<br><strong>IX.<\/strong> Wszelkie uwagi i pytania w zakresie niniejszej noty prawnej mo\u017cna zg\u0142asza\u0107 kontaktuj\u0105c si\u0119 telefonicznie: +48 502 120 944 lub wysy\u0142aj\u0105c wiadomo\u015b\u0107 na adres: pwitczak@metaldetoks.pl<\/p>\n","protected":false},"excerpt":{"rendered":"<p>Przed rozpocz\u0119ciem&nbsp;korzystania ze strony internetowej www.metaldetoks.pl (dalej \u201eStrona\u201d) nale\u017cy szczeg\u00f3\u0142owo zapozna\u0107 si\u0119 z&nbsp;niniejsz\u0105 not\u0105 prawn\u0105. U\u017cytkowanie Strony oznacza&nbsp;wyra\u017cenie zgody na poni\u017csze warunki i brak mo\u017cliwo\u015bci wnoszenia zastrze\u017ce\u0144 do ich tre\u015bci. Osoba u\u017cytkuj\u0105ca Stron\u0119 (dalej &#8222;U\u017cytkownik&#8221;), kt\u00f3ra nie akceptuje poni\u017cszych warunk\u00f3w, nie jest uprawniona do u\u017cytkowania Strony. WARUNKI U\u017bYTKOWANIA STRONY I. Wszelkie pojawiaj\u0105ce si\u0119 na blogu [&hellip;]<\/p>\n","protected":false},"author":1,"featured_media":0,"parent":0,"menu_order":0,"comment_status":"closed","ping_status":"closed","template":"","meta":[],"_links":{"self":[{"href":"https:\/\/metaldetoks.pl\/index.php?rest_route=\/wp\/v2\/pages\/144"}],"collection":[{"href":"https:\/\/metaldetoks.pl\/index.php?rest_route=\/wp\/v2\/pages"}],"about":[{"href":"https:\/\/metaldetoks.pl\/index.php?rest_route=\/wp\/v2\/types\/page"}],"author":[{"embeddable":true,"href":"https:\/\/metaldetoks.pl\/index.php?rest_route=\/wp\/v2\/users\/1"}],"replies":[{"embeddable":true,"href":"https:\/\/metaldetoks.pl\/index.php?rest_route=%2Fwp%2Fv2%2Fcomments&post=144"}],"version-history":[{"count":8,"href":"https:\/\/metaldetoks.pl\/index.php?rest_route=\/wp\/v2\/pages\/144\/revisions"}],"predecessor-version":[{"id":331,"href":"https:\/\/metaldetoks.pl\/index.php?rest_route=\/wp\/v2\/pages\/144\/revisions\/331"}],"wp:attachment":[{"href":"https:\/\/metaldetoks.pl\/index.php?rest_route=%2Fwp%2Fv2%2Fmedia&parent=144"}],"curies":[{"name":"wp","href":"https:\/\/api.w.org\/{rel}","templated":true}]}}